est common divisor of 40 and u.
10
Let u(g) = g**3 + 15*g**2 + 12*g - 10. Let c be u(-14). What is the highest common divisor of 102 and c?
6
Let d(h) = -18*h - 18. Let p be d(-2). What is the highest common factor of p and 9?
9
Suppose -73*b + 29952 = -25*b. Calculate the highest common factor of 546 and b.
78
Let j be 3/((-33)/22) + 149 + 1. Calculate the greatest common divisor of j and 37.
37
Let k = -472 + 2518. What is the greatest common divisor of 66 and k?
66
Suppose -8*b + 50 = 2. Let r(h) = 3*h**2 - 14*h + 39. Let q be r(b). What is the greatest common divisor of 7 and q?
7
Let t(j) = 22*j - 2. Let v be t(4). Suppose 160 = 2*m - 4*i - i, 4*i + v = m. What is the highest common divisor of m and 28?
14
Let w = -35 - -101. Let c be (-131)/(-3) + 17/51. Calculate the highest common factor of c and w.
22
Suppose 0 = -5*w + 3*w - c + 19, -13 = -w - 4*c. Let z = -7 + 10. Calculate the greatest common factor of w and z.
3
Let c(w) = 2*w**2 - 9*w - 15. Let r be c(6). Suppose 7*q + r = 4*q, -4*j = -4*q - 36. Calculate the greatest common divisor of 88 and j.
8
Let k = 15 - 9. Let n be (-10)/6*k/(-5). Let a be 3 - (1 - (n + 18)). Calculate the highest common factor of 154 and a.
22
Suppose 5*g - 10 + 135 = 0. Let v = -14 - g. Calculate the highest common factor of 99 and v.
11
Suppose -2*c + 9 = 3, 3*d - 288 = 3*c. Calculate the greatest common divisor of 11 and d.
11
Let j(k) = 5*k + 11. Let d be j(5). Let b = -4 - -7. Let t(v) = 6*v. Let p be t(b). What is the greatest common divisor of p and d?
18
Let a(c) = -c**2 - 12*c - 18. Let w be a(-10). Let z(k) = 24*k + 2. Let l be z(2). Calculate the highest common factor of w and l.
2
Let f = 738 - 105. Suppose -3*d + f = 153. Let m be (-3)/(-12) + 79/4. What is the highest common divisor of d and m?
20
Let k(p) = -p**2 + 6*p - 9. Let g be k(5). Let u be (-1309)/(-49) - g/14. Calculate the highest common factor of 3 and u.
3
Let a = -97 - -163. Let f = -36 + a. What is the highest common factor of f and 240?
30
Suppose 4*n - 2*l - 44 = 0, -1 = -3*n - l + 27. Suppose 5*j = -20*j + 250. What is the greatest common factor of j and n?
10
Let p(c) = 9*c**2 - 4*c + 7. Let o be p(-5). Suppose 2*k + z - 140 = 0, 6*z = 4*k + z - o. Calculate the greatest common divisor of k and 102.
34
Let x(l) = 21*l. Let r be x(1). Let q = -5 + 7. Suppose 6*z - q*z = 56. Calculate the greatest common divisor of z and r.
7
Let y(j) = -j**3 + 10*j**2 + 13*j - 5. Let w be y(11). Let b be (17*(-1 + 8))/1. Calculate the greatest common factor of w and b.
17
Let w = -48 - -50. Suppose 0 = -d - 4*b - b + 77, -2*b + w = 0. Calculate the highest common factor of 8 and d.
8
Let l = 297 - 132. Calculate the greatest common factor of 22 and l.
11
Suppose 0*m + 2*m - 30 = -5*q, -1 = -4*q + 3*m. Let r(y) = 6*y + q*y + 3 - 9*y. Let f be r(7). What is the greatest common divisor of 4 and f?
2
Suppose -i - t - 3*t = -134, 3*t = 5*i - 762. What is the highest common factor of i and 15?
15
Let g be 29 + 4 - (2 - 2 - 3). Let w = 106 - g. What is the greatest common factor of 10 and w?
10
Let l be 13 + (-20)/(-5) - 5. Calculate the highest common divisor of 84 and l.
12
Suppose 97*y + 518 = 111*y. Calculate the highest common factor of y and 111.
37
Let t = -8 - -20. Let o(g) = -g**2 + 12*g + 4. Let d be o(t). Calculate the highest common divisor of d and 12.
4
Let m = -273 - -441. Calculate the greatest common divisor of m and 312.
24
Suppose -8 = 4*m, -3*n + 4*m + 4 = 2. Let f(g) = 17*g. Let w be f(n). Let b be w/153 + (-164)/(-9). Calculate the greatest common divisor of b and 6.
6
Let r(c) = -c**2 - 12*c - 7. Let m be r(-10). Let x = m + -9. Calculate the highest common factor of x and 10.
2
Let u(l) = l**3 - 23*l**2 + 4. Let w be u(23). What is the highest common factor of 164 and w?
4
Suppose 0 = t - 17 - 658. Calculate the greatest common divisor of 27 and t.
27
Let w = 1558 - 1425. Calculate the highest common divisor of w and 14.
7
Let k = 339 + 156. What is the highest common factor of k and 110?
55
Let c be (-299)/(-26)*(2 - 0). Calculate the greatest common divisor of c and 1081.
23
Suppose -10*p - 65 + 675 = 0. Calculate the highest common factor of 305 and p.
61
Let r be (-75)/(-2)*(-4)/(-5). Suppose -2*l - 5*t + 45 = 0, 2*t = l - 0 - 18. Calculate the greatest common divisor of l and r.
10
Let o be 899/6 - 26/(-156). What is the highest common factor of o and 100?
50
Suppose 4*o - 65 = -5*l, -4*o + 18 = -2. Let b be (-1)/(-3) - l/(135/(-1420)). Calculate the highest common factor of 19 and b.
19
Let b = 17 + -16. Let j be 135/5 + (3 - b). What is the highest common factor of 145 and j?
29
Suppose -895 = -26*k + 1601. What is the greatest common factor of 320 and k?
32
Suppose -3*a - 3*a + 390 = 0. Calculate the highest common factor of a and 39.
13
Let x(r) = -r**3 + 5*r**2 - 3*r. Let n = -13 + 13. Suppose -3*g - 3*y + 9 = -2*g, -y + 2 = n. Let j be x(g). What is the highest common divisor of j and 45?
9
Let c(t) = -t**2 + 7*t + 237. Let z be c(19). Let x = 7 - -74. What is the greatest common factor of x and z?
9
Suppose -5*c = -4*c - 39. Let n = -21 + c. What is the highest common divisor of n and 12?
6
Let p = 6 + 80. Let n = -31 + p. Calculate the greatest common divisor of 11 and n.
11
Let g = -10 + 17. Suppose -a - 13 = 5*z, 4*a + 13*z - 48 = 18*z. What is the highest common factor of a and g?
7
Let k(c) = 6*c**2 - 173*c - 13. Let h be k(29). What is the greatest common divisor of 52 and h?
4
Let y be 1*-6 + 3 + -40. Let k be -27 + (5 - 1)/2. Let m = k - y. Calculate the greatest common factor of 126 and m.
18
Suppose 4*k - 6 = 10. Suppose j = k*s + 72, 0*s = j - s - 66. Let o = -19 + 35. Calculate the highest common factor of o and j.
16
Let b = -4 + 11. Let n be (905/(-15))/(2/(-6)). Let r = n - 104. What is the highest common factor of r and b?
7
Let t be -5*((-4)/(-14) + (-18)/14). Suppose d - t*j + 3 - 1 = 0, 42 = 4*d + 5*j. Calculate the greatest common factor of d and 20.
4
Suppose -14 = -6*k + 16. Suppose u = k - 0. Let t(n) = 4*n + 5. Let i be t(10). What is the greatest common factor of i and u?
5
Suppose -258 + 492 = 13*i. Calculate the highest common divisor of i and 690.
6
Suppose 2*d + 56 - 116 = 0. Calculate the greatest common factor of d and 150.
30
Let w be (-40)/4 + (-4)/(-2). Let x be (2 + w)*3/(-9). Suppose -x*f + 5*f - 3 = 0, 2*f + 288 = 5*p. Calculate the highest common factor of 29 and p.
29
Let y(z) = 8 - z + 2*z - 3. Let l = 408 + -388. Let h be y(l). Calculate the highest common factor of 175 and h.
25
Let q(h) = -49*h - 72. Let k be q(-4). Calculate the greatest common factor of k and 93.
31
Let f(l) = 3*l**2 + 36*l - 73. Let a be f(-14). What is the greatest common factor of a and 1507?
11
Let u be (-2 - (-990)/63)*(-98)/(-4). Calculate the highest common divisor of 192 and u.
48
Suppose -11*q + 80 = -3*q. Suppose 3*c - 9 = 2*p, c - 3 = 4*p + p. Suppose l = -c*i + 102, 5*i - i = -l + 106. What is the highest common divisor of q and l?
10
Let o = -31 + 64. Suppose 4*x = -5*q + 7*x + 57, 3*x = -5*q + o. What is the highest common factor of 9 and q?
9
Let g(a) = 4*a**2 - 2*a - 6. Let w be g(6). Let v be (7/2)/((-29)/(-116)). Calculate the greatest common factor of v and w.
14
Suppose 7 = 3*r - 5*b, 0*b = b - 1. Let m = 3 + r. Suppose 7*w - 98 = 5*w. What is the greatest common factor of w and m?
7
Let o = -9 - -16. Let l = 14 - o. Suppose -8*m = -3*m - 315. What is the greatest common factor of l and m?
7
Suppose -28*t - 1184 = -4992. Calculate the highest common divisor of 221 and t.
17
Let g(w) = -w**2 - 5*w + 8. Let r be g(-6). Suppose 2*d - 3 = 2*y - 1, 4*y = 5*d - r. Let a be (-70)/d - 3/1. Calculate the greatest common divisor of a and 4.
4
Suppose -q - 1 = -2*d + 5, 3*q + 8 = d. Let r be ((-2)/4*4)/(q/10). Calculate the highest common factor of r and 25.
5
Let x(w) = -w**3 - 9*w**2 - 23*w - 30. Let o be x(-7). Let j be -6*(-7)/2 + 1. What is the highest common factor of j and o?
11
Suppose 0 = -25*k + 20*k + 10. Let p be 2/6 + (-141)/(-9). What is the highest common divisor of p and k?
2
Suppose -2*t + n = -21, -21 + 6 = 5*n. Suppose -z + t = -2*z - 3*j, 0 = 2*z + 4*j + 10. Let q be 11/z - 4/(-3). What is the highest common divisor of 25 and q?
5
Let s be 16 + 2/(3 + -1). Suppose -s*